alculate the remainder when 9034 is divided by 8337.
697
What is the remainder when 12520 is divided by 2497?
35
Calculate the remainder when 83048 is divided by 18.
14
Calculate the remainder when 81600 is divided by 27200.
0
What is the remainder when 19126 is divided by 90?
46
What is the remainder when 230 is divided by 5?
0
What is the remainder when 17093 is divided by 58?
41
What is the remainder when 14521 is divided by 1318?
23
Calculate the remainder when 17535 is divided by 5827.
54
Calculate the remainder when 37631 is divided by 7.
6
What is the remainder when 9592 is divided by 282?
4
Calculate the remainder when 1137944 is divided by 437.
433
Calculate the remainder when 11449 is divided by 11418.
31
What is the remainder when 22022 is divided by 24?
14
What is the remainder when 16231 is divided by 8052?
127
Calculate the remainder when 1449 is divided by 515.
419
What is the remainder when 153 is divided by 36?
9
What is the remainder when 32844 is divided by 657?
651
What is the remainder when 136229 is divided by 104?
93
Calculate the remainder when 5195 is divided by 469.
36
Calculate the remainder when 82681 is divided by 265.
1
Calculate the remainder when 116374 is divided by 23270.
24
What is the remainder when 116974 is divided by 116968?
6
Calculate the remainder when 11214 is divided by 61.
51
Calculate the remainder when 57316 is divided by 198.
94
What is the remainder when 4386 is divided by 14?
4
What is the remainder when 1474 is divided by 498?
478
Calculate the remainder when 8735 is divided by 628.
571
What is the remainder when 7231 is divided by 3591?
49
What is the remainder when 1818 is divided by 311?
263
What is the remainder when 118803 is divided by 14842?
67
What is the remainder when 3262 is divided by 190?
32
What is the remainder when 500220 is divided by 27790?
0
What is the remainder when 81470 is divided by 210?
200
What is the remainder when 22383 is divided by 7457?
12
Calculate the remainder when 5368 is divided by 134.
8
Calculate the remainder when 32944 is divided by 10978.
10
Calculate the remainder when 15298 is divided by 2428.
730
What is the remainder when 28708 is divided by 7?
1
Calculate the remainder when 265190 is divided by 46.
0
Calculate the remainder when 4205 is divided by 1342.
179
What is the remainder when 192079 is divided by 560?
559
Calculate the remainder when 14817 is divided by 156.
153
Calculate the remainder when 12363 is divided by 44.
43
What is the remainder when 6684 is divided by 940?
104
What is the remainder when 35188 is divided by 5?
3
What is the remainder when 43473 is divided by 63?
3
What is the remainder when 52465 is divided by 1942?
31
What is the remainder when 744826 is divided by 21?
19
What is the remainder when 2974 is divided by 966?
76
Calculate the remainder when 19075 is divided by 159.
154
Calculate the remainder when 230435 is divided by 79.
71
What is the remainder when 42244 is divided by 440?
4
What is the remainder when 4750 is divided by 527?
7
What is the remainder when 10292 is divided by 3384?
140
Calculate the remainder when 5454 is divided by 366.
330
What is the remainder when 6761 is divided by 1543?
589
Calculate the remainder when 5001 is divided by 419.
392
What is the remainder when 10195 is divided by 15?
10
Calculate the remainder when 224451 is divided by 112220.
11
What is the remainder when 3845 is divided by 662?
535
Calculate the remainder when 132910 is divided by 117.
115
Calculate the remainder when 147743 is divided by 157.
6
Calculate the remainder when 460 is divided by 220.
20
Calculate the remainder when 8391 is divided by 290.
271
Calculate the remainder when 6571 is divided by 5.
1
Calculate the remainder when 1445 is divided by 458.
71
What is the remainder when 6025532 is divided by 88?
84
What is the remainder when 9534 is divided by 72?
30
Calculate the remainder when 4181 is divided by 96.
53
Calculate the remainder when 1724 is divided by 860.
4
Calculate the remainder when 21247 is divided by 411.
286
Calculate the remainder when 2039 is divided by 144.
23
What is the remainder when 4336 is divided by 29?
15
What is the remainder when 4893 is divided by 542?
15
What is the remainder when 11744 is divided by 68?
48
Calculate the remainder when 422818 is divided by 30.
28
Calculate the remainder when 47208 is divided by 761.
26
Calculate the remainder when 14234 is divided by 166.
124
What is the remainder when 95614 is divided by 31?
10
What is the remainder when 497118 is divided by 130?
128
What is the remainder when 7372 is divided by 59?
56
Calculate the remainder when 1261283 is divided by 46.
9
What is the remainder when 18336 is divided by 3650?
86
What is the remainder when 424 is divided by 57?
25
What is the remainder when 2337 is divided by 34?
25
What is the remainder when 52658 is divided by 232?
226
Calculate the remainder when 8903417 is divided by 19.
17
Calculate the remainder when 142001 is divided by 566.
501
What is the remainder when 213467 is divided by 5?
2
Calculate the remainder when 14685263 is divided by 11.
10
What is the remainder when 67622 is divided by 221?
217
What is the remainder when 28457 is divided by 9484?
5
What is the remainder when 339 is divided by 58?
49
What is the remainder when 15699 is divided by 11?
2
What is the remainder when 60630 is divided by 30123?
384
Calculate the remainder when 1708 is divided by 80.
28
Calculate the remainder when 20114 is divided by 2872.
10
Calculate the remainder when 5505 is divided by 38.
33
Calculate the remainder when 49184 is divided by 7011.
107
What is the remainder when 93945 is divided by 5871?
9
Calculate the remainder when 363654 is divided by 56.
46
What is the remainder when 1318 is divided by 231?
163
What is the remainder when 9399 is divided by 68?
15
Calculate the remainder when 15827 is divided by 233.
216
Calculate the remainder when 67568 is divided by 290.
288
What is the remainder when 30831 is divided by 26?
21
Calculate the remainder when 149528 is divided by 89.
8
What is the remainder when 43172 is divided by 257?
253
What is the remainder when 597341 is divided by 85333?
10
What is the remainder when 69896 is divided by 255?
26
What is the remainder when 27695 is divided by 12?
11
Calculate the remainder when 2521 is divided by 652.
565
Calculate the remainder when 4561 is divided by 906.
31
Calculate the remainder when 9974 is divided by 34.
12
Calculate the remainder when 143919 is divided by 9594.
9
Calculate the remainder when 987797 is divided by 100.
97
Calculate the remainder when 1946 is divided by 327.
311
Calculate the remainder when 465 is divided by 29.
1
Calculate the remainder when 6025 is divided by 3.
1
Calculate the remainder when 30267 is divided by 7500.
267
What is the remainder when 2395 is divided by 669?
388
Calculate the remainder when 86771 is divided by 15.
11
What is the remainder when 54437 is divided by 54427?
10
Calculate the remainder when 511017 is divided by 255503.
11
Calculate the remainder when 1104 is divided by 485.
134
Calculate the remainder when 3767977 is divided by 578.
573
Calculate the remainder when 8868 is divided by 29.
23
What is the remainder when 16500 is divided by 3290?
50
Calculate the remainder when 10344 is divided by 732.
96
Calculate the remainder when 1042726 is divided by 1042718.
8
What is the remainder when 23058 is divided by 62?
56
Calculate the remainder when 630 is divided by 43.
28
Calculate the remainder when 25496 is divided by 49.
16
What is the remainder when 48146 is divided by 1601?
116
Calculate the remainder when 318118 is divided by 241.
239
What is the remainder when 19996 is divided by 771?
721
Calculate the remainder when 242265 is divided by 119.
100
Calculate the remainder when 159123 is divided by 125.
123
What is the remainder when 712 is divided by 232?
16
Calculate the remainder when 1060844 is divided by 1077.
1076
What is the remainder when 75517 is divided by 12561?
151
Calculate the remainder when 18611 is divided by 255.
251
What is the remainder when 457859 is divided by 12?
11
What is the remainder when 207495 is divided by 81?
54
What is the remainder when 66176 is divided by 10?
6
Calculate the re